{"id":65,"date":"2019-07-19T16:56:57","date_gmt":"2019-07-19T14:56:57","guid":{"rendered":"https:\/\/alpika.de\/inklussion-foerderschule\/?page_id=65"},"modified":"2021-06-04T19:18:58","modified_gmt":"2021-06-04T17:18:58","slug":"unterrichts-material","status":"publish","type":"page","link":"https:\/\/alpika.de\/inklusion-foerderschule\/unterrichts-material\/","title":{"rendered":"Unterrichtsmaterial"},"content":{"rendered":"\n<p>Diese Seite wird noch bearbeitet. <\/p>\n\n\n\n<div class=\"wp-block-columns is-layout-flex wp-container-core-columns-is-layout-9d6595d7 wp-block-columns-is-layout-flex\">\n<div class=\"wp-block-column is-layout-flow wp-block-column-is-layout-flow\" style=\"flex-basis:25%\">\n<figure class=\"wp-block-image size-large is-style-rounded\"><a href=\"https:\/\/material.rpi-virtuell.de\/startseite\/facettierte-suche\/?fwp_inklusion=inclusive\"><img loading=\"lazy\" decoding=\"async\" width=\"417\" height=\"414\" src=\"https:\/\/alpika.de\/inklusion-foerderschule\/wp-content\/uploads\/sites\/4\/2021\/05\/rpi-virtuell-logo.png\" alt=\"\" class=\"wp-image-306\" srcset=\"https:\/\/alpika.de\/inklusion-foerderschule\/wp-content\/uploads\/sites\/4\/2021\/05\/rpi-virtuell-logo.png 417w, https:\/\/alpika.de\/inklusion-foerderschule\/wp-content\/uploads\/sites\/4\/2021\/05\/rpi-virtuell-logo-300x298.png 300w, https:\/\/alpika.de\/inklusion-foerderschule\/wp-content\/uploads\/sites\/4\/2021\/05\/rpi-virtuell-logo-150x150.png 150w\" sizes=\"auto, (max-width: 417px) 100vw, 417px\" \/><\/a><figcaption><a href=\"https:\/\/material.rpi-virtuell.de\/startseite\/facettierte-suche\/?fwp_inklusion=inclusive\">RPI-Virtuell <\/a>bietet f\u00fcr gepr\u00fcfte Unterrichtsmaterialien die M\u00f6glichkeit, einen Filter &#8222;f\u00fcr inklusiven Unterricht geeignet&#8220; zu setzen.<\/figcaption><\/figure>\n<\/div>\n\n\n\n<div class=\"wp-block-column is-layout-flow wp-block-column-is-layout-flow\" style=\"flex-basis:25%\">\n<figure class=\"wp-block-image size-large is-style-rounded\"><a href=\"https:\/\/religionsunterricht.net\/\"><img loading=\"lazy\" decoding=\"async\" width=\"240\" height=\"235\" src=\"https:\/\/alpika.de\/inklusion-foerderschule\/wp-content\/uploads\/sites\/4\/2021\/05\/reli-unterricht.net_kl.png\" alt=\"\" class=\"wp-image-336\" \/><\/a><figcaption>Materialien f\u00fcr zeitgem\u00e4\u00dfes<a href=\"https:\/\/religionsunterricht.net\/\"> Lernen und Lehren mit <strong>digitalen Medien<\/strong><\/a><br>Viele der Materialien eignen sich auch f\u00fcr den Einsatz in F\u00f6rderschulen und inklusiven Settings<\/figcaption><\/figure>\n<\/div>\n\n\n\n<div class=\"wp-block-column is-layout-flow wp-block-column-is-layout-flow\" style=\"flex-basis:25%\">\n<figure class=\"wp-block-image size-large is-style-rounded\"><a href=\"https:\/\/www.reli-ordner.de\/\"><img loading=\"lazy\" decoding=\"async\" width=\"248\" height=\"248\" src=\"https:\/\/alpika.de\/inklusion-foerderschule\/wp-content\/uploads\/sites\/4\/2021\/05\/Header-Homepage-Zimmermann-cut-e1621274998794.jpg\" alt=\"\" class=\"wp-image-343\" srcset=\"https:\/\/alpika.de\/inklusion-foerderschule\/wp-content\/uploads\/sites\/4\/2021\/05\/Header-Homepage-Zimmermann-cut-e1621274998794.jpg 248w, https:\/\/alpika.de\/inklusion-foerderschule\/wp-content\/uploads\/sites\/4\/2021\/05\/Header-Homepage-Zimmermann-cut-e1621274998794-150x150.jpg 150w\" sizes=\"auto, (max-width: 248px) 100vw, 248px\" \/><\/a><figcaption>Auf <a href=\"https:\/\/www.reli-ordner.de\/\">Reli-Ordner.de <\/a>finden Sie zahlreiche Unterrichtsmaterialien, insbesondere f\u00fcr den F\u00f6rderschwerpunkt<br>Geistige Entwicklung.<\/figcaption><\/figure>\n\n\n\n<p><\/p>\n<\/div>\n<\/div>\n","protected":false},"excerpt":{"rendered":"<p>Diese Seite wird noch bearbeitet.<\/p>\n","protected":false},"author":19,"featured_media":0,"parent":0,"menu_order":0,"comment_status":"closed","ping_status":"closed","template":"","meta":{"footnotes":""},"class_list":["post-65","page","type-page","status-publish","czr-hentry"],"_links":{"self":[{"href":"https:\/\/alpika.de\/inklusion-foerderschule\/wp-json\/wp\/v2\/pages\/65","targetHints":{"allow":["GET"]}}],"collection":[{"href":"https:\/\/alpika.de\/inklusion-foerderschule\/wp-json\/wp\/v2\/pages"}],"about":[{"href":"https:\/\/alpika.de\/inklusion-foerderschule\/wp-json\/wp\/v2\/types\/page"}],"author":[{"embeddable":true,"href":"https:\/\/alpika.de\/inklusion-foerderschule\/wp-json\/wp\/v2\/users\/19"}],"replies":[{"embeddable":true,"href":"https:\/\/alpika.de\/inklusion-foerderschule\/wp-json\/wp\/v2\/comments?post=65"}],"version-history":[{"count":19,"href":"https:\/\/alpika.de\/inklusion-foerderschule\/wp-json\/wp\/v2\/pages\/65\/revisions"}],"predecessor-version":[{"id":372,"href":"https:\/\/alpika.de\/inklusion-foerderschule\/wp-json\/wp\/v2\/pages\/65\/revisions\/372"}],"wp:attachment":[{"href":"https:\/\/alpika.de\/inklusion-foerderschule\/wp-json\/wp\/v2\/media?parent=65"}],"curies":[{"name":"wp","href":"https:\/\/api.w.org\/{rel}","templated":true}]}}

<p>Diese Seite wird noch bearbeitet. </p>



<div class="wp-block-columns is-layout-flex wp-container-core-columns-is-layout-9d6595d7 wp-block-columns-is-layout-flex">
<div class="wp-block-column is-layout-flow wp-block-column-is-layout-flow" style="flex-basis:25%">
<figure class="wp-block-image size-large is-style-rounded"><a href="https://material.rpi-virtuell.de/startseite/facettierte-suche/?fwp_inklusion=inclusive"><img loading="lazy" decoding="async" width="417" height="414" src="https://alpika.de/inklusion-foerderschule/wp-content/uploads/sites/4/2021/05/rpi-virtuell-logo.png" alt="" class="wp-image-306" srcset="https://alpika.de/inklusion-foerderschule/wp-content/uploads/sites/4/2021/05/rpi-virtuell-logo.png 417w, https://alpika.de/inklusion-foerderschule/wp-content/uploads/sites/4/2021/05/rpi-virtuell-logo-300x298.png 300w, https://alpika.de/inklusion-foerderschule/wp-content/uploads/sites/4/2021/05/rpi-virtuell-logo-150x150.png 150w" sizes="auto, (max-width: 417px) 100vw, 417px" /></a><figcaption><a href="https://material.rpi-virtuell.de/startseite/facettierte-suche/?fwp_inklusion=inclusive">RPI-Virtuell </a>bietet für geprüfte Unterrichtsmaterialien die Möglichkeit, einen Filter &#8222;für inklusiven Unterricht geeignet&#8220; zu setzen.</figcaption></figure>
</div>



<div class="wp-block-column is-layout-flow wp-block-column-is-layout-flow" style="flex-basis:25%">
<figure class="wp-block-image size-large is-style-rounded"><a href="https://religionsunterricht.net/"><img loading="lazy" decoding="async" width="240" height="235" src="https://alpika.de/inklusion-foerderschule/wp-content/uploads/sites/4/2021/05/reli-unterricht.net_kl.png" alt="" class="wp-image-336" /></a><figcaption>Materialien für zeitgemäßes<a href="https://religionsunterricht.net/"> Lernen und Lehren mit <strong>digitalen Medien</strong></a><br>Viele der Materialien eignen sich auch für den Einsatz in Förderschulen und inklusiven Settings</figcaption></figure>
</div>



<div class="wp-block-column is-layout-flow wp-block-column-is-layout-flow" style="flex-basis:25%">
<figure class="wp-block-image size-large is-style-rounded"><a href="https://www.reli-ordner.de/"><img loading="lazy" decoding="async" width="248" height="248" src="https://alpika.de/inklusion-foerderschule/wp-content/uploads/sites/4/2021/05/Header-Homepage-Zimmermann-cut-e1621274998794.jpg" alt="" class="wp-image-343" srcset="https://alpika.de/inklusion-foerderschule/wp-content/uploads/sites/4/2021/05/Header-Homepage-Zimmermann-cut-e1621274998794.jpg 248w, https://alpika.de/inklusion-foerderschule/wp-content/uploads/sites/4/2021/05/Header-Homepage-Zimmermann-cut-e1621274998794-150x150.jpg 150w" sizes="auto, (max-width: 248px) 100vw, 248px" /></a><figcaption>Auf <a href="https://www.reli-ordner.de/">Reli-Ordner.de </a>finden Sie zahlreiche Unterrichtsmaterialien, insbesondere für den Förderschwerpunkt<br>Geistige Entwicklung.</figcaption></figure>



<p></p>
</div>
</div>
