{"id":64,"date":"2019-07-19T16:56:57","date_gmt":"2019-07-19T14:56:57","guid":{"rendered":"https:\/\/alpika.de\/inklussion-foerderschule\/?page_id=64"},"modified":"2020-09-03T22:07:48","modified_gmt":"2020-09-03T20:07:48","slug":"informationen","status":"publish","type":"page","link":"https:\/\/alpika.de\/inklusion-foerderschule\/informationen\/","title":{"rendered":"Informationen"},"content":{"rendered":"\n<h3 class=\"wp-block-heading\">F\u00f6rderschwerpunkte im \u00dcberblick<\/h3>\n\n\n\n<p><\/p>\n\n\n<p>Die Kulturministerkonferenz hat eine \u201e<a href=\"https:\/\/www.kmk.org\/fileadmin\/veroeffentlichungen_beschluesse\/2011\/2011_10_20-Inklusive-Bildung.pdf\">Empfehlung f\u00fcr die inklusive Bildung von Kindern und Jugendlichen mit Behinderungen in Schulen<\/a>\u201c&nbsp; und Empfehlungen \u00fcr die einzelnen F\u00f6rderschwerpunkte erarbeitet:<\/p>\n<ul>\n<li><a href=\"http:\/\/www.kmk.org\/fileadmin\/veroeffentlichungen_beschluesse\/2000\/2000_06_16_FS_Autismus.pdf\" data-rich-text-format-boundary=\"true\">Erziehung und Unterricht von Kindern mit <strong>autistischem Verhalten<\/strong>&nbsp;<\/a> &nbsp;(<a href=\"https:\/\/alpika.de\/inklussion-foerderschule\/wp-content\/uploads\/sites\/4\/2020\/01\/Autismus-Kurzinfo.pdf\">Kurzinfo<\/a>)<\/li>\n<li><a href=\"http:\/\/www.kmk.org\/fileadmin\/veroeffentlichungen_beschluesse\/2000\/2000_03_10-FS-Emotionale-soziale-Entw.pdf\">F\u00f6rderschwerpunkt <strong>emotionale und soziale Entwicklung<\/strong><\/a><strong> &nbsp;<\/strong>&nbsp;&nbsp;(<a href=\"https:\/\/alpika.de\/inklussion-foerderschule\/wp-content\/uploads\/sites\/4\/2020\/01\/F\u00f6rderschwerpunkt-soziale-und-emotionale-Entwicklung-Kurzinfo.pdf\"> Kurzinfo<\/a>)<\/li>\n<li><a href=\"https:\/\/www.kmk.org\/fileadmin\/Dateien\/veroeffentlichungen_beschluesse\/2019\/2019_03_14-FS-Lernen.pdf\">Sonderp\u00e4dagogischer Schwerpunkt <strong>Lernen<\/strong><\/a> &nbsp;&nbsp; (<a href=\"https:\/\/alpika.de\/inklussion-foerderschule\/wp-content\/uploads\/sites\/4\/2020\/01\/F\u00f6rderschwerpunkt-Lernen-Kurzinfo.pdf\">Kurzinfo<\/a>)<\/li>\n<li><a href=\"http:\/\/www.kmk.org\/fileadmin\/veroeffentlichungen_beschluesse\/1998\/1998_06_26-FS-Sprache.pdf\">F\u00f6rderschwerpunkt <strong>Sprache<\/strong><\/a> &nbsp;&nbsp;&nbsp;&nbsp;(<a href=\"https:\/\/alpika.de\/inklussion-foerderschule\/wp-content\/uploads\/sites\/4\/2020\/01\/F\u00f6rderschwerpunkt-Sprache-Kurzinfo.pdf\">Kurzinfo<\/a>)<\/li>\n<li><a href=\"http:\/\/www.kmk.org\/fileadmin\/veroeffentlichungen_beschluesse\/1998\/1998_03_20-Empfehlung-Foerderschwerpunkt-Sehen.pdf\">F\u00f6rderschwerpunkt <strong>Sehen<\/strong><\/a> &nbsp;&nbsp;&nbsp;(<a href=\"https:\/\/alpika.de\/inklussion-foerderschule\/wp-content\/uploads\/sites\/4\/2020\/01\/F\u00f6rderschwerpunkt-Sehen-Kurzinfo.pdf\">Kurzinfo<\/a>)<\/li>\n<li><a href=\"http:\/\/www.kmk.org\/fileadmin\/veroeffentlichungen_beschluesse\/1996\/1996_05_10-FS-Hoeren.pdf\">F\u00f6rderschwerpunkt <strong>H\u00f6ren<\/strong><\/a>&nbsp;&nbsp;&nbsp;&nbsp;(<a href=\"https:\/\/alpika.de\/inklussion-foerderschule\/wp-content\/uploads\/sites\/4\/2020\/01\/F\u00f6rderschwerpunkt-H\u00f6ren-Kurzinfo.pdf\">Kurzinfo<\/a>)<\/li>\n<li><a href=\"http:\/\/www.kmk.org\/fileadmin\/veroeffentlichungen_beschluesse\/1998\/1998_03_20-FS-Kranke-Schueler.pdf\">F\u00f6rderschwerpunkt Unterricht <strong>kranker Sch\u00fclerinnen und Sch\u00fcler<\/strong><\/a> &nbsp; &nbsp;(<a href=\"https:\/\/alpika.de\/inklussion-foerderschule\/wp-content\/uploads\/sites\/4\/2020\/01\/F\u00f6rderschwerpunkt-bei-l\u00e4ngerer-psychischer-Krankheit.pdf\">Kurzinfo<\/a>)<\/li>\n<li><a href=\"http:\/\/www.kmk.org\/fileadmin\/veroeffentlichungen_beschluesse\/1998\/1998_03_20-FS-Koerperl-motorische-Entw.pdf\">F\u00f6rderschwerpunkt <strong>k\u00f6rperliche und motorische Entwicklung<\/strong><\/a> &nbsp;&nbsp; &nbsp;(<a href=\"https:\/\/alpika.de\/inklussion-foerderschule\/wp-content\/uploads\/sites\/4\/2020\/01\/F\u00f6rderschwerpunkt-k\u00f6rperliche-und-motorische-Entwicklung-Kurzinfo.pdf\">Kurzinfo<\/a>)<\/li>\n<li><a href=\"http:\/\/www.kmk.org\/fileadmin\/veroeffentlichungen_beschluesse\/1998\/1998_06_20_FS_Geistige_Entwickl.pdf\">F\u00f6rderschwerpunkt <strong>geistige Entwicklung<\/strong><\/a> &nbsp;&nbsp;&nbsp;(<a href=\"https:\/\/alpika.de\/inklussion-foerderschule\/wp-content\/uploads\/sites\/4\/2020\/01\/F\u00f6rderschwerpunkt-geistige-Entwicklung-Kurzinfo.pdf\">Kurzinfo<\/a>)<\/li>\n<\/ul>\n\n\n<h3 class=\"wp-block-heading\">Allgemeine Hinweise zu den F\u00f6rderschwerpunkten<\/h3>\n\n\n<ul>\n<li>Ursachen f\u00fcr Behinderungen&#8211;&gt; pdf: <a href=\"https:\/\/alpika.de\/inklussion-foerderschule\/wp-content\/uploads\/sites\/4\/2020\/01\/Ursachen-Behinderungen.pdf\">Ursachen<\/a><\/li>\n<li>Unterscheidung: zielgleiche und zieldifferente F\u00f6rderschwerpunkte &#8211;&gt; pdf: <a href=\"https:\/\/alpika.de\/inklussion-foerderschule\/wp-content\/uploads\/sites\/4\/2020\/01\/Zielgleich-zieldifferent.pdf\">zielgleich-zieldifferent<\/a><\/li>\n<\/ul>\n\n\n<h3 class=\"wp-block-heading\">Informationen zur leichten, einfachen und sensiblen Sprache<\/h3>\n\n\n\n<p>Eine Adressaten-orientierte Sprache erm\u00f6glicht vielen Menschen einen besseren Zugang zu Informationen. Das bedeutet, dass wir uns dies immer wieder bewusst machen und Unterricht sowie Materialien entsprechend modifizieren m\u00fcssen. Hier finden Sie ein <a href=\"https:\/\/alpika.de\/inklusion-foerderschule\/wp-content\/uploads\/sites\/4\/2020\/09\/RPI_Impluse_1-2020_12_Bibeltexte_in_leichter_oder_einfacher_Sprache_gesamt.pdf\">Beispiel <\/a>und eine Literaturliste  mit <a href=\"https:\/\/alpika.de\/inklusion-foerderschule\/wp-content\/uploads\/sites\/4\/2020\/09\/2020-09-02_Lit-und-Links-zu-leichter-Sprache.pdf\">Links <\/a>zu Regelwerken und anderer Literatur zur Sprache. <\/p>\n\n\n\n<figure class=\"wp-block-image size-large is-resized\"><a href=\"https:\/\/www.rpi-ekkw-ekhn.de\/fileadmin\/templates\/rpi\/normal\/material\/rpi_relpod\/Relpod_Nr_6_Leichte_Sprache.mp3\"><img loading=\"lazy\" decoding=\"async\" src=\"https:\/\/alpika.de\/inklusion-foerderschule\/wp-content\/uploads\/sites\/4\/2020\/09\/csm_relpodgrafik_ee3aaef8dd.jpg\" alt=\"\" class=\"wp-image-263\" width=\"195\" height=\"195\" srcset=\"https:\/\/alpika.de\/inklusion-foerderschule\/wp-content\/uploads\/sites\/4\/2020\/09\/csm_relpodgrafik_ee3aaef8dd.jpg 400w, https:\/\/alpika.de\/inklusion-foerderschule\/wp-content\/uploads\/sites\/4\/2020\/09\/csm_relpodgrafik_ee3aaef8dd-300x300.jpg 300w, https:\/\/alpika.de\/inklusion-foerderschule\/wp-content\/uploads\/sites\/4\/2020\/09\/csm_relpodgrafik_ee3aaef8dd-150x150.jpg 150w\" sizes=\"auto, (max-width: 195px) 100vw, 195px\" \/><\/a><figcaption>Ein <a href=\"https:\/\/www.rpi-ekkw-ekhn.de\/fileadmin\/templates\/rpi\/normal\/material\/rpi_relpod\/Relpod_Nr_6_Leichte_Sprache.mp3\">Podcast <\/a>zur Leichten und einfachen Sprache des RPI der EKKW und EKHN<\/figcaption><\/figure>\n\n\n\n<p><\/p>\n\n\n\n<p><\/p>\n","protected":false},"excerpt":{"rendered":"<p>F\u00f6rderschwerpunkte im \u00dcberblick Die Kulturministerkonferenz hat eine \u201eEmpfehlung f\u00fcr die inklusive Bildung von Kindern und Jugendlichen mit Behinderungen in Schulen\u201c&nbsp; und Empfehlungen \u00fcr die einzelnen F\u00f6rderschwerpunkte erarbeitet: Erziehung und Unterricht von Kindern mit autistischem Verhalten&nbsp; &nbsp;(Kurzinfo) F\u00f6rderschwerpunkt emotionale und soziale Entwicklung &nbsp;&nbsp;&nbsp;( Kurzinfo) Sonderp\u00e4dagogischer Schwerpunkt Lernen &nbsp;&nbsp; (Kurzinfo) F\u00f6rderschwerpunkt Sprache &nbsp;&nbsp;&nbsp;&nbsp;(Kurzinfo) F\u00f6rderschwerpunkt Sehen &nbsp;&nbsp;&nbsp;(Kurzinfo) F\u00f6rderschwerpunkt [&hellip;]<\/p>\n","protected":false},"author":2,"featured_media":0,"parent":0,"menu_order":0,"comment_status":"closed","ping_status":"closed","template":"","meta":{"footnotes":""},"class_list":["post-64","page","type-page","status-publish","czr-hentry"],"_links":{"self":[{"href":"https:\/\/alpika.de\/inklusion-foerderschule\/wp-json\/wp\/v2\/pages\/64","targetHints":{"allow":["GET"]}}],"collection":[{"href":"https:\/\/alpika.de\/inklusion-foerderschule\/wp-json\/wp\/v2\/pages"}],"about":[{"href":"https:\/\/alpika.de\/inklusion-foerderschule\/wp-json\/wp\/v2\/types\/page"}],"author":[{"embeddable":true,"href":"https:\/\/alpika.de\/inklusion-foerderschule\/wp-json\/wp\/v2\/users\/2"}],"replies":[{"embeddable":true,"href":"https:\/\/alpika.de\/inklusion-foerderschule\/wp-json\/wp\/v2\/comments?post=64"}],"version-history":[{"count":47,"href":"https:\/\/alpika.de\/inklusion-foerderschule\/wp-json\/wp\/v2\/pages\/64\/revisions"}],"predecessor-version":[{"id":281,"href":"https:\/\/alpika.de\/inklusion-foerderschule\/wp-json\/wp\/v2\/pages\/64\/revisions\/281"}],"wp:attachment":[{"href":"https:\/\/alpika.de\/inklusion-foerderschule\/wp-json\/wp\/v2\/media?parent=64"}],"curies":[{"name":"wp","href":"https:\/\/api.w.org\/{rel}","templated":true}]}}

<h3 class="wp-block-heading">Förderschwerpunkte im Überblick</h3>



<p></p>


<p>Die Kulturministerkonferenz hat eine „<a href="https://www.kmk.org/fileadmin/veroeffentlichungen_beschluesse/2011/2011_10_20-Inklusive-Bildung.pdf">Empfehlung für die inklusive Bildung von Kindern und Jugendlichen mit Behinderungen in Schulen</a>“&nbsp; und Empfehlungen ür die einzelnen Förderschwerpunkte erarbeitet:</p>
<ul>
<li><a href="http://www.kmk.org/fileadmin/veroeffentlichungen_beschluesse/2000/2000_06_16_FS_Autismus.pdf" data-rich-text-format-boundary="true">Erziehung und Unterricht von Kindern mit <strong>autistischem Verhalten</strong>&nbsp;</a> &nbsp;(<a href="https://alpika.de/inklussion-foerderschule/wp-content/uploads/sites/4/2020/01/Autismus-Kurzinfo.pdf">Kurzinfo</a>)</li>
<li><a href="http://www.kmk.org/fileadmin/veroeffentlichungen_beschluesse/2000/2000_03_10-FS-Emotionale-soziale-Entw.pdf">Förderschwerpunkt <strong>emotionale und soziale Entwicklung</strong></a><strong> &nbsp;</strong>&nbsp;&nbsp;(<a href="https://alpika.de/inklussion-foerderschule/wp-content/uploads/sites/4/2020/01/Förderschwerpunkt-soziale-und-emotionale-Entwicklung-Kurzinfo.pdf"> Kurzinfo</a>)</li>
<li><a href="https://www.kmk.org/fileadmin/Dateien/veroeffentlichungen_beschluesse/2019/2019_03_14-FS-Lernen.pdf">Sonderpädagogischer Schwerpunkt <strong>Lernen</strong></a> &nbsp;&nbsp; (<a href="https://alpika.de/inklussion-foerderschule/wp-content/uploads/sites/4/2020/01/Förderschwerpunkt-Lernen-Kurzinfo.pdf">Kurzinfo</a>)</li>
<li><a href="http://www.kmk.org/fileadmin/veroeffentlichungen_beschluesse/1998/1998_06_26-FS-Sprache.pdf">Förderschwerpunkt <strong>Sprache</strong></a> &nbsp;&nbsp;&nbsp;&nbsp;(<a href="https://alpika.de/inklussion-foerderschule/wp-content/uploads/sites/4/2020/01/Förderschwerpunkt-Sprache-Kurzinfo.pdf">Kurzinfo</a>)</li>
<li><a href="http://www.kmk.org/fileadmin/veroeffentlichungen_beschluesse/1998/1998_03_20-Empfehlung-Foerderschwerpunkt-Sehen.pdf">Förderschwerpunkt <strong>Sehen</strong></a> &nbsp;&nbsp;&nbsp;(<a href="https://alpika.de/inklussion-foerderschule/wp-content/uploads/sites/4/2020/01/Förderschwerpunkt-Sehen-Kurzinfo.pdf">Kurzinfo</a>)</li>
<li><a href="http://www.kmk.org/fileadmin/veroeffentlichungen_beschluesse/1996/1996_05_10-FS-Hoeren.pdf">Förderschwerpunkt <strong>Hören</strong></a>&nbsp;&nbsp;&nbsp;&nbsp;(<a href="https://alpika.de/inklussion-foerderschule/wp-content/uploads/sites/4/2020/01/Förderschwerpunkt-Hören-Kurzinfo.pdf">Kurzinfo</a>)</li>
<li><a href="http://www.kmk.org/fileadmin/veroeffentlichungen_beschluesse/1998/1998_03_20-FS-Kranke-Schueler.pdf">Förderschwerpunkt Unterricht <strong>kranker Schülerinnen und Schüler</strong></a> &nbsp; &nbsp;(<a href="https://alpika.de/inklussion-foerderschule/wp-content/uploads/sites/4/2020/01/Förderschwerpunkt-bei-längerer-psychischer-Krankheit.pdf">Kurzinfo</a>)</li>
<li><a href="http://www.kmk.org/fileadmin/veroeffentlichungen_beschluesse/1998/1998_03_20-FS-Koerperl-motorische-Entw.pdf">Förderschwerpunkt <strong>körperliche und motorische Entwicklung</strong></a> &nbsp;&nbsp; &nbsp;(<a href="https://alpika.de/inklussion-foerderschule/wp-content/uploads/sites/4/2020/01/Förderschwerpunkt-körperliche-und-motorische-Entwicklung-Kurzinfo.pdf">Kurzinfo</a>)</li>
<li><a href="http://www.kmk.org/fileadmin/veroeffentlichungen_beschluesse/1998/1998_06_20_FS_Geistige_Entwickl.pdf">Förderschwerpunkt <strong>geistige Entwicklung</strong></a> &nbsp;&nbsp;&nbsp;(<a href="https://alpika.de/inklussion-foerderschule/wp-content/uploads/sites/4/2020/01/Förderschwerpunkt-geistige-Entwicklung-Kurzinfo.pdf">Kurzinfo</a>)</li>
</ul>


<h3 class="wp-block-heading">Allgemeine Hinweise zu den Förderschwerpunkten</h3>


<ul>
<li>Ursachen für Behinderungen&#8211;&gt; pdf: <a href="https://alpika.de/inklussion-foerderschule/wp-content/uploads/sites/4/2020/01/Ursachen-Behinderungen.pdf">Ursachen</a></li>
<li>Unterscheidung: zielgleiche und zieldifferente Förderschwerpunkte &#8211;&gt; pdf: <a href="https://alpika.de/inklussion-foerderschule/wp-content/uploads/sites/4/2020/01/Zielgleich-zieldifferent.pdf">zielgleich-zieldifferent</a></li>
</ul>


<h3 class="wp-block-heading">Informationen zur leichten, einfachen und sensiblen Sprache</h3>



<p>Eine Adressaten-orientierte Sprache ermöglicht vielen Menschen einen besseren Zugang zu Informationen. Das bedeutet, dass wir uns dies immer wieder bewusst machen und Unterricht sowie Materialien entsprechend modifizieren müssen. Hier finden Sie ein <a href="https://alpika.de/inklusion-foerderschule/wp-content/uploads/sites/4/2020/09/RPI_Impluse_1-2020_12_Bibeltexte_in_leichter_oder_einfacher_Sprache_gesamt.pdf">Beispiel </a>und eine Literaturliste  mit <a href="https://alpika.de/inklusion-foerderschule/wp-content/uploads/sites/4/2020/09/2020-09-02_Lit-und-Links-zu-leichter-Sprache.pdf">Links </a>zu Regelwerken und anderer Literatur zur Sprache. </p>



<figure class="wp-block-image size-large is-resized"><a href="https://www.rpi-ekkw-ekhn.de/fileadmin/templates/rpi/normal/material/rpi_relpod/Relpod_Nr_6_Leichte_Sprache.mp3"><img loading="lazy" decoding="async" src="https://alpika.de/inklusion-foerderschule/wp-content/uploads/sites/4/2020/09/csm_relpodgrafik_ee3aaef8dd.jpg" alt="" class="wp-image-263" width="195" height="195" srcset="https://alpika.de/inklusion-foerderschule/wp-content/uploads/sites/4/2020/09/csm_relpodgrafik_ee3aaef8dd.jpg 400w, https://alpika.de/inklusion-foerderschule/wp-content/uploads/sites/4/2020/09/csm_relpodgrafik_ee3aaef8dd-300x300.jpg 300w, https://alpika.de/inklusion-foerderschule/wp-content/uploads/sites/4/2020/09/csm_relpodgrafik_ee3aaef8dd-150x150.jpg 150w" sizes="auto, (max-width: 195px) 100vw, 195px" /></a><figcaption>Ein <a href="https://www.rpi-ekkw-ekhn.de/fileadmin/templates/rpi/normal/material/rpi_relpod/Relpod_Nr_6_Leichte_Sprache.mp3">Podcast </a>zur Leichten und einfachen Sprache des RPI der EKKW und EKHN</figcaption></figure>



<p></p>



<p></p>

<p>Förderschwerpunkte im Überblick Die Kulturministerkonferenz hat eine „Empfehlung für die inklusive Bildung von Kindern und Jugendlichen mit Behinderungen in Schulen“&nbsp; und Empfehlungen ür die einzelnen Förderschwerpunkte erarbeitet: Erziehung und Unterricht von Kindern mit autistischem Verhalten&nbsp; &nbsp;(Kurzinfo) Förderschwerpunkt emotionale und soziale Entwicklung &nbsp;&nbsp;&nbsp;( Kurzinfo) Sonderpädagogischer Schwerpunkt Lernen &nbsp;&nbsp; (Kurzinfo) Förderschwerpunkt Sprache &nbsp;&nbsp;&nbsp;&nbsp;(Kurzinfo) Förderschwerpunkt Sehen &nbsp;&nbsp;&nbsp;(Kurzinfo) Förderschwerpunkt [&hellip;]</p>
