{"id":58,"date":"2019-07-19T16:49:05","date_gmt":"2019-07-19T14:49:05","guid":{"rendered":"https:\/\/alpika.de\/inklussion-foerderschule\/?page_id=58"},"modified":"2021-05-03T05:52:01","modified_gmt":"2021-05-03T03:52:01","slug":"religionsunterricht-in-inklusiver-beschulung-und-foerderschule","status":"publish","type":"page","link":"https:\/\/alpika.de\/inklusion-foerderschule\/","title":{"rendered":"Religionsunterricht in F\u00f6rderschule und in inklusiver Beschulung"},"content":{"rendered":"\n<p>Dieses Internetportal der ALPIKA AG &#8222;F\u00f6rderp\u00e4dagogik\/Inklusion in Schule und Gemeinde\u201c ist ein Kooperationsprojekt der evangelischen religionsp\u00e4dagogischen Aus- und Weiterbildungsinstitute in Deutschland.  Es geht um <strong>Religionsp\u00e4dagogik mit Blick auf F\u00f6rderp\u00e4dagogik und Inklusion<\/strong>. Das Portal erm\u00f6glicht mit Hilfe von <strong>Datenbl\u00e4ttern <\/strong>den schnellen Zugriff zu wichtigen Informationen der verschiedenen <strong>Bundesl\u00e4nder <\/strong>und  <strong>Landeskirchen<\/strong>. <strong>Themen <\/strong>sind z.B. Unterrichtsmaterialien, rechtliche Hintergr\u00fcnde, Ansprechpartner*innen, Fortbildungsangebote und fachliche Informationen.<\/p>\n\n\n\n<figure class=\"wp-block-image size-large is-resized\"><img loading=\"lazy\" decoding=\"async\" src=\"https:\/\/alpika.de\/inklusion-foerderschule\/wp-content\/uploads\/sites\/4\/2020\/09\/together-2450090_1920-2-1024x183.jpg\" alt=\"\" class=\"wp-image-288\" width=\"1258\" height=\"225\" srcset=\"https:\/\/alpika.de\/inklusion-foerderschule\/wp-content\/uploads\/sites\/4\/2020\/09\/together-2450090_1920-2-1024x183.jpg 1024w, https:\/\/alpika.de\/inklusion-foerderschule\/wp-content\/uploads\/sites\/4\/2020\/09\/together-2450090_1920-2-300x54.jpg 300w, https:\/\/alpika.de\/inklusion-foerderschule\/wp-content\/uploads\/sites\/4\/2020\/09\/together-2450090_1920-2-768x138.jpg 768w, https:\/\/alpika.de\/inklusion-foerderschule\/wp-content\/uploads\/sites\/4\/2020\/09\/together-2450090_1920-2-1536x275.jpg 1536w, https:\/\/alpika.de\/inklusion-foerderschule\/wp-content\/uploads\/sites\/4\/2020\/09\/together-2450090_1920-2-570x102.jpg 570w, https:\/\/alpika.de\/inklusion-foerderschule\/wp-content\/uploads\/sites\/4\/2020\/09\/together-2450090_1920-2.jpg 1920w\" sizes=\"auto, (max-width: 1258px) 100vw, 1258px\" \/><\/figure>\n\n\n\n<p><\/p>\n\n\n<div class=\"wpv-view-output\" data-toolset-views-view-editor=\"e441c71c116eb3e0cb2ecddd6a1e00ae\">\n<div class=\"wp-block-toolset-views-view-editor wpv-gutenberg-view-wrapper-45\"><form autocomplete=\"off\" name=\"wpv-filter-45\" action=\"\/inklusion-foerderschule\/wp-json\/wp\/v2\/pages\/58?wpv_view_count=45\" method=\"get\" class=\"wpv-filter-form js-wpv-filter-form js-wpv-filter-form-45 js-wpv-form-full js-wpv-dps-enabled js-wpv-ajax-results-enabled\" data-viewnumber=\"45\" data-viewid=\"45\" data-viewhash=\"eyJuYW1lIjoibGluay1maWx0ZXIifQ==\" data-viewwidgetid=\"0\" data-orderby=\"\" data-order=\"\" data-orderbyas=\"\" data-orderbysecond=\"\" data-ordersecond=\"\" data-parametric=\"{&quot;query&quot;:&quot;normal&quot;,&quot;id&quot;:&quot;45&quot;,&quot;view_id&quot;:&quot;45&quot;,&quot;widget_id&quot;:0,&quot;view_hash&quot;:&quot;45&quot;,&quot;action&quot;:&quot;\\\/inklusion-foerderschule\\\/wp-json\\\/wp\\\/v2\\\/pages\\\/58?wpv_view_count=45&quot;,&quot;sort&quot;:{&quot;orderby&quot;:&quot;&quot;,&quot;order&quot;:&quot;&quot;,&quot;orderby_as&quot;:&quot;&quot;,&quot;orderby_second&quot;:&quot;&quot;,&quot;order_second&quot;:&quot;&quot;},&quot;orderby&quot;:&quot;&quot;,&quot;order&quot;:&quot;&quot;,&quot;orderby_as&quot;:&quot;&quot;,&quot;orderby_second&quot;:&quot;&quot;,&quot;order_second&quot;:&quot;&quot;,&quot;ajax_form&quot;:&quot;&quot;,&quot;ajax_results&quot;:&quot;&quot;,&quot;effect&quot;:&quot;fade&quot;,&quot;prebefore&quot;:&quot;&quot;,&quot;before&quot;:&quot;&quot;,&quot;after&quot;:&quot;&quot;,&quot;attributes&quot;:[],&quot;environment&quot;:{&quot;current_post_id&quot;:58,&quot;parent_post_id&quot;:58,&quot;parent_term_id&quot;:0,&quot;parent_user_id&quot;:0,&quot;archive&quot;:{&quot;type&quot;:&quot;&quot;,&quot;name&quot;:&quot;&quot;,&quot;data&quot;:[]}},&quot;loop&quot;:{&quot;type&quot;:&quot;&quot;,&quot;name&quot;:&quot;&quot;,&quot;data&quot;:[],&quot;id&quot;:0}}\" data-attributes=\"[]\" data-environment=\"{&quot;current_post_id&quot;:58,&quot;parent_post_id&quot;:58,&quot;parent_term_id&quot;:0,&quot;parent_user_id&quot;:0,&quot;archive&quot;:{&quot;type&quot;:&quot;&quot;,&quot;name&quot;:&quot;&quot;,&quot;data&quot;:[]}}\"><input type=\"hidden\" class=\"js-wpv-dps-filter-data js-wpv-filter-data-for-this-form\" data-action=\"\/inklusion-foerderschule\/wp-json\/wp\/v2\/pages\/58?wpv_view_count=45\" data-page=\"1\" data-ajax=\"enable\" data-effect=\"fade\" data-maxpages=\"0\" data-ajaxprebefore=\"\" data-ajaxbefore=\"\" data-ajaxafter=\"\" \/><input class=\"wpv_view_count wpv_view_count-45\" type=\"hidden\" name=\"wpv_view_count\" value=\"45\" \/>\n\n<fieldset style=\"width:100%\"><legend>Filter<\/legend>\n<div class=\"row\">\n  \t\n      \n      <div class=\"col-sm-6\">\n        <div class=\"form-group\">\n          <label>Bundesl\u00e4nder<\/label>\n          <select name=\"wpv-bundesland\" class=\"js-wpv-filter-trigger form-control\"><option selected='selected' value=\"0\"><\/option><option value=\"baden-wuerttemberg\">Baden-W\u00fcrttemberg<\/option><option value=\"bayern\">Bayern<\/option><option value=\"berlin\">Berlin<\/option><option value=\"brandenburg\">Brandenburg<\/option><option value=\"bremen\">Bremen<\/option><option value=\"hamburg\">Hamburg<\/option><option value=\"hessen\">Hessen<\/option><option value=\"mecklenburg-vorpommern\">Mecklenburg-Vorpommern<\/option><option value=\"nordrhein-westfalen\">Nordrhein-Westfalen<\/option><option value=\"rheinland-pfalz\">Rheinland-Pfalz<\/option><option value=\"saarland\">Saarland<\/option><option value=\"sachsen\">Sachsen<\/option><option value=\"sachsen-anhalt\">Sachsen-Anhalt<\/option><option value=\"schleswig-holstein\">Schleswig-Holstein<\/option><option value=\"thueringen\">Th\u00fcringen<\/option><\/select>\n          <\/div>\n      <\/div>\n      <div class=\"col-sm-6\">\n        <div class=\"form-group\">\n            <label>Gliedkirchen<\/label>\n            <select name=\"wpv-kirche\" class=\"js-wpv-filter-trigger form-control\"><option selected='selected' value=\"0\"><\/option><option value=\"bremische-evangelische-kirche\">Bremische Evangelische Kirche<\/option><option value=\"evangelisch-lutherische-kirche-in-bayern\">Evangelisch-Lutherische Kirche in Bayern<\/option><option value=\"evangelisch-lutherische-kirche-in-norddeutschland-nordkirche\">Evangelisch-Lutherische Kirche in Norddeutschland (Nordkirche)<\/option><option value=\"evangelisch-lutherische-landeskirche-sachsen\">Evangelisch-Lutherische Landeskirche Sachsen<\/option><option value=\"evangelische-kirche-berlin-brandenburg-schlesische-oberlausitz\">Evangelische Kirche Berlin-Brandenburg-schlesische Oberlausitz<\/option><option value=\"evangelische-kirche-der-pfalz\">Evangelische Kirche der Pfalz<\/option><option value=\"evangelische-kirche-im-rheinland\">Evangelische Kirche im Rheinland<\/option><option value=\"evangelische-kirche-in-hessen-und-nassau\">Evangelische Kirche in Hessen und Nassau<\/option><option value=\"evangelische-kirche-in-mitteldeutschland\">Evangelische Kirche in Mitteldeutschland<\/option><option value=\"evangelische-kirche-von-kurhessen-waldeck\">Evangelische Kirche von Kurhessen-Waldeck<\/option><option value=\"evangelische-kirche-von-westfalen\">Evangelische Kirche von Westfalen<\/option><option value=\"evangelische-landeskirche-anhalts\">Evangelische Landeskirche Anhalts<\/option><option value=\"ev-landeskirche-in-baden\">Evangelische Landeskirche in Baden<\/option><option value=\"evangelische-landeskirche-in-wuerttemberg\">Evangelische Landeskirche in W\u00fcrttemberg<\/option><\/select>\n        <\/div>\n      <\/div>\n  \t\n<\/div>\n<\/fieldset>\n\n<\/form>\n<div id=\"wpv-view-layout-45\" class=\"js-wpv-view-layout js-wpv-layout-responsive js-wpv-view-layout-45\" data-viewnumber=\"45\" data-pagination=\"{&quot;id&quot;:&quot;45&quot;,&quot;query&quot;:&quot;normal&quot;,&quot;type&quot;:&quot;disabled&quot;,&quot;effect&quot;:&quot;fade&quot;,&quot;duration&quot;:500,&quot;speed&quot;:5,&quot;pause_on_hover&quot;:&quot;disabled&quot;,&quot;stop_rollover&quot;:&quot;false&quot;,&quot;cache_pages&quot;:&quot;enabled&quot;,&quot;preload_images&quot;:&quot;enabled&quot;,&quot;preload_pages&quot;:&quot;enabled&quot;,&quot;preload_reach&quot;:1,&quot;spinner&quot;:&quot;builtin&quot;,&quot;spinner_image&quot;:&quot;https:\/\/alpika.de\/inklussion-foerderschule\/wp-content\/plugins\/wp-views\/embedded\/res\/img\/ajax-loader.gif&quot;,&quot;callback_next&quot;:&quot;&quot;,&quot;manage_history&quot;:&quot;enabled&quot;,&quot;has_controls_in_form&quot;:&quot;disabled&quot;,&quot;infinite_tolerance&quot;:&quot;0&quot;,&quot;max_pages&quot;:0,&quot;page&quot;:1,&quot;base_permalink&quot;:&quot;\/inklusion-foerderschule\/wp-json\/wp\/v2\/pages\/58?wpv_view_count=45&amp;wpv_paged=WPV_PAGE_NUM&quot;,&quot;loop&quot;:{&quot;type&quot;:&quot;&quot;,&quot;name&quot;:&quot;&quot;,&quot;data&quot;:[],&quot;id&quot;:0}}\" data-permalink=\"\/inklusion-foerderschule\/wp-json\/wp\/v2\/pages\/58?wpv_view_count=45\">\n\n\t\n\t\n\t<ul class=\"wpv-loop js-wpv-loop\">\n\t\t\n\t\t\t<li><h3><a href=\"https:\/\/alpika.de\/inklusion-foerderschule\/link\/amt-fuer-kirchliche-dienste-der-ekbo\/\">Amt f\u00fcr kirchliche Dienste der EKBO<\/a><\/h3>\n<p>Infos unter: <a href=\"https:\/\/www.akd-ekbo.de\" title=\"https:\/\/www.akd-ekbo.de\">https:\/\/www.akd-ekbo.de<\/a><\/p>\n<a href=\"https:\/\/alpika.de\/inklusion-foerderschule\/wp-content\/uploads\/sites\/4\/2024\/10\/24-05-29_Ev.Kirche-Berlin-Brandenburg-schlesische-Oberlausitz.pdf\" title=\"Datenblatt (PDF)\">Datenblatt (PDF)<\/a><\/li>\n\t\t\n\t\t\t<li><h3><a href=\"https:\/\/alpika.de\/inklusion-foerderschule\/link\/amt-fuer-religionsuntericht-der-evangelischen-kirche-der-pfalz\/\">Amt f\u00fcr Religionsuntericht der Evangelischen Kirche der Pfalz<\/a><\/h3>\n<p>Infos unter: <a href=\"https:\/\/www.religionsunterricht-pfalz.de\" title=\"https:\/\/www.religionsunterricht-pfalz.de\">https:\/\/www.religionsunterricht-pfalz.de<\/a><\/p>\n<a href=\"https:\/\/alpika.de\/inklusion-foerderschule\/wp-content\/uploads\/sites\/4\/2024\/12\/2024-12-11_Landeskirchen-in-der-Pfalz-Saarpfalz-Rheinland-Pfalz.pdf\" title=\"Datenblatt (PDF)\">Datenblatt (PDF)<\/a><\/li>\n\t\t\n\t\t\t<li><h3><a href=\"https:\/\/alpika.de\/inklusion-foerderschule\/link\/evangelische-kirche-von-westfalen\/\">PI-Villigst<\/a><\/h3>\n<p>Infos unter: <a href=\"https:\/\/www.pi-villigst.de\" title=\"https:\/\/www.pi-villigst.de\">https:\/\/www.pi-villigst.de<\/a><\/p>\n<a href=\"https:\/\/alpika.de\/inklusion-foerderschule\/wp-content\/uploads\/sites\/4\/2024\/10\/2024_01_11_Landeskirchen-in-NRW-und-Rheinland.pdf\" title=\"Datenblatt (PDF)\">Datenblatt (PDF)<\/a><\/li>\n\t\t\n\t\t\t<li><h3><a href=\"https:\/\/alpika.de\/inklusion-foerderschule\/link\/evangelische-landeskirche-anhalts\/\">PTI &#8211; Mitteldeutschland<\/a><\/h3>\n<p>Infos unter: <a href=\"https:\/\/www.pti-mitteldeutschland.de\" title=\"https:\/\/www.pti-mitteldeutschland.de\">https:\/\/www.pti-mitteldeutschland.de<\/a><\/p>\n<a href=\"https:\/\/alpika.de\/inklusion-foerderschule\/wp-content\/uploads\/sites\/4\/2024\/12\/2024-12-11_Landeskirchen-in-Sachsen-Anhalt-und-Thueringen.pdf\" title=\"Datenblatt (PDF)\">Datenblatt (PDF)<\/a><\/li>\n\t\t\n\t\t\t<li><h3><a href=\"https:\/\/alpika.de\/inklusion-foerderschule\/link\/evangelische-kirche-im-rheinland\/\">PTI der EKiR<\/a><\/h3>\n<p>Infos unter: <a href=\"https:\/\/www.pti.ekir.de\" title=\"https:\/\/www.pti.ekir.de\">https:\/\/www.pti.ekir.de<\/a><\/p>\n<a href=\"https:\/\/alpika.de\/inklusion-foerderschule\/wp-content\/uploads\/sites\/4\/2024\/01\/2024_01_11_Landeskirchen-in-NRW-und-Rheinland.pdf\" title=\"Datenblatt (PDF)\">Datenblatt (PDF)<\/a><\/li>\n\t\t\n\t\t\t<li><h3><a href=\"https:\/\/alpika.de\/inklusion-foerderschule\/link\/pti-der-nordkirche\/\">PTI der Nordkirche<\/a><\/h3>\n<p>Infos unter: <a href=\"https:\/\/pti.nordkirche.de\/\" title=\"https:\/\/pti.nordkirche.de\/\">https:\/\/pti.nordkirche.de\/<\/a><\/p>\n<a href=\"https:\/\/alpika.de\/inklussion-foerderschule\/wp-content\/uploads\/sites\/4\/2020\/04\/2020-04-22_Nordkirche.pdf\" title=\"Datenblatt (PDF)\">Datenblatt (PDF)<\/a><\/li>\n\t\t\n\t\t\t<li><h3><a href=\"https:\/\/alpika.de\/inklusion-foerderschule\/link\/ptz-wuerttemberg\/\">ptz W\u00fcrttemberg<\/a><\/h3>\n<p>Infos unter: <a href=\"https:\/\/www.ptz-rpi.de\/\" title=\"https:\/\/www.ptz-rpi.de\/\">https:\/\/www.ptz-rpi.de\/<\/a><\/p>\n<a href=\"https:\/\/alpika.de\/inklusion-foerderschule\/wp-content\/uploads\/sites\/4\/2024\/10\/2024-04-25_Landeskirchen-in-Wuerttemberg.pdf\" title=\"Datenblatt (PDF)\">Datenblatt (PDF)<\/a><\/li>\n\t\t\n\t\t\t<li><h3><a href=\"https:\/\/alpika.de\/inklusion-foerderschule\/link\/religionspaedagogik-und-medien-rpm\/\">Religionsp\u00e4dagogik und Medien (RPM)<\/a><\/h3>\n<p>Infos unter: <a href=\"http:\/\/www.kirche-bremen.de\/rpm\" title=\"http:\/\/www.kirche-bremen.de\/rpm\">http:\/\/www.kirche-bremen.de\/rpm<\/a><\/p>\n<a href=\"https:\/\/alpika.de\/inklusion-foerderschule\/wp-content\/uploads\/sites\/4\/2021\/06\/2021_06-01_Bremische-Evangelische-Kirche.pdf\" title=\"Datenblatt (PDF)\">Datenblatt (PDF)<\/a><\/li>\n\t\t\n\t\t\t<li><h3><a href=\"https:\/\/alpika.de\/inklusion-foerderschule\/link\/rpi-baden\/\">RPI Baden<\/a><\/h3>\n<p>Infos unter: <a href=\"https:\/\/www.rpi-baden.de\/\" title=\"https:\/\/www.rpi-baden.de\/\">https:\/\/www.rpi-baden.de\/<\/a><\/p>\n<a href=\"https:\/\/alpika.de\/inklusion-foerderschule\/wp-content\/uploads\/sites\/4\/2024\/10\/2024-04-25_Landeskirchen-in-Wuerttemberg.pdf\" title=\"Datenblatt (PDF)\">Datenblatt (PDF)<\/a><\/li>\n\t\t\n\t\t\t<li><h3><a href=\"https:\/\/alpika.de\/inklusion-foerderschule\/link\/rpi-religionspaedagogisches-institut-der-ev-kirchen-in-hessen-und-nassau-und-der-ev-kirche-kurhessen-und-waldeck\/\">RPI der EKKW und EKHN<\/a><\/h3>\n<p>Infos unter: <a href=\"https:\/\/rpi-ekkw-ekhn.de\/home\/rpi-arbeitsbereiche\/foerderschule-inklusion\/\" title=\"https:\/\/rpi-ekkw-ekhn.de\/home\/rpi-arbeitsbereiche\/foerderschule-inklusion\/\">https:\/\/rpi-ekkw-ekhn.de\/home\/rpi-arbeitsbereiche\/foerderschule-inklusion\/<\/a><\/p>\n<a href=\"https:\/\/alpika.de\/inklusion-foerderschule\/wp-content\/uploads\/sites\/4\/2025\/01\/2025-01-22_Landeskirchen-in-Hessen.pdf\" title=\"Datenblatt (PDF)\">Datenblatt (PDF)<\/a>, <\/li>\n\t\t\n\t\t\t<li><h3><a href=\"https:\/\/alpika.de\/inklusion-foerderschule\/link\/rpz-heilsbronn-religionspaedagogisches-zentrum-der-elkb\/\">RPZ Heilsbronn: Religionsp\u00e4dagogisches Zentrum der ELKB<\/a><\/h3>\n<p>Infos unter: <a href=\"https:\/\/www.rpz-heilsbronn.de\" title=\"https:\/\/www.rpz-heilsbronn.de\">https:\/\/www.rpz-heilsbronn.de<\/a><\/p>\n<a href=\"https:\/\/alpika.de\/inklusion-foerderschule\/wp-content\/uploads\/sites\/4\/2024\/10\/2024-01-19_Landeskirchen-in-Bayern.pdf\" title=\"Datenblatt (PDF)\">Datenblatt (PDF)<\/a><\/li>\n\t\t\n\t\t\t<li><h3><a href=\"https:\/\/alpika.de\/inklusion-foerderschule\/link\/tpi-moritzburg\/\">TPI-Moritzburg<\/a><\/h3>\n<p>Infos unter: <a href=\"https:\/\/www.tpi-moritzburg.de\" title=\"https:\/\/www.tpi-moritzburg.de\">https:\/\/www.tpi-moritzburg.de<\/a><\/p>\n<a href=\"https:\/\/alpika.de\/inklussion-foerderschule\/wp-content\/uploads\/sites\/4\/2020\/04\/2020-04-22_Landeskirche-in-Sachsen.pdf\" title=\"Datenblatt (PDF)\">Datenblatt (PDF)<\/a><\/li>\n\t\t\n\t<\/ul>\n\t\n\t\n\t\n<\/div>\n<\/div>\n<\/div>\n\n\n<p><\/p>\n","protected":false},"excerpt":{"rendered":"<p>Dieses Internetportal der ALPIKA AG &#8222;F\u00f6rderp\u00e4dagogik\/Inklusion in Schule und Gemeinde\u201c ist ein Kooperationsprojekt der evangelischen religionsp\u00e4dagogischen Aus- und Weiterbildungsinstitute in Deutschland. Es geht um Religionsp\u00e4dagogik mit Blick auf F\u00f6rderp\u00e4dagogik und Inklusion. Das Portal erm\u00f6glicht mit Hilfe von Datenbl\u00e4ttern den schnellen Zugriff zu wichtigen Informationen der verschiedenen Bundesl\u00e4nder und Landeskirchen. Themen sind z.B. Unterrichtsmaterialien, rechtliche Hintergr\u00fcnde, [&hellip;]<\/p>\n","protected":false},"author":2,"featured_media":0,"parent":0,"menu_order":0,"comment_status":"closed","ping_status":"closed","template":"","meta":{"footnotes":""},"class_list":["post-58","page","type-page","status-publish","czr-hentry"],"_links":{"self":[{"href":"https:\/\/alpika.de\/inklusion-foerderschule\/wp-json\/wp\/v2\/pages\/58","targetHints":{"allow":["GET"]}}],"collection":[{"href":"https:\/\/alpika.de\/inklusion-foerderschule\/wp-json\/wp\/v2\/pages"}],"about":[{"href":"https:\/\/alpika.de\/inklusion-foerderschule\/wp-json\/wp\/v2\/types\/page"}],"author":[{"embeddable":true,"href":"https:\/\/alpika.de\/inklusion-foerderschule\/wp-json\/wp\/v2\/users\/2"}],"replies":[{"embeddable":true,"href":"https:\/\/alpika.de\/inklusion-foerderschule\/wp-json\/wp\/v2\/comments?post=58"}],"version-history":[{"count":16,"href":"https:\/\/alpika.de\/inklusion-foerderschule\/wp-json\/wp\/v2\/pages\/58\/revisions"}],"predecessor-version":[{"id":382,"href":"https:\/\/alpika.de\/inklusion-foerderschule\/wp-json\/wp\/v2\/pages\/58\/revisions\/382"}],"wp:attachment":[{"href":"https:\/\/alpika.de\/inklusion-foerderschule\/wp-json\/wp\/v2\/media?parent=58"}],"curies":[{"name":"wp","href":"https:\/\/api.w.org\/{rel}","templated":true}]}}