{"id":354,"date":"2021-06-03T18:41:09","date_gmt":"2021-06-03T16:41:09","guid":{"rendered":"https:\/\/alpika.de\/inklusion-foerderschule\/?page_id=354"},"modified":"2021-06-03T18:57:40","modified_gmt":"2021-06-03T16:57:40","slug":"impressum","status":"publish","type":"page","link":"https:\/\/alpika.de\/inklusion-foerderschule\/impressum\/","title":{"rendered":"Impressum"},"content":{"rendered":"<p><strong>\u00a0<\/strong><\/p>\n<p>Die Seite <strong>https\/\/alpika.de\/inklusion-foederschule<\/strong> ist erstellt von der Alpika AG F\u00f6rderp\u00e4dagogik und Inklusion in Schule und Gemeinde. Alpika ist Teil des Comenius-Institutes.<\/p>\n<p>Comenius-Institut<br \/>\nEvangelische Arbeitsst\u00e4tte f\u00fcr Erziehungswissenschaft e.V.<br \/>\nSchreiberstra\u00dfe 12<br \/>\n48149 M\u00fcnster<br \/>\nTelefon 02 51 \/ 9 81 01 &#8211; 0<br \/>\nTelefax 02 51 \/ 9 81 01 &#8211; 50<br \/>\nE-Mail <a href=\"mailto:info@comenius.de\">info@comenius.de<\/a><\/p>\n<p>Haftungshinweis:<br \/>\nTrotz sorgf\u00e4ltiger inhaltlicher Kontrolle \u00fcbernehmen wir keine Haftung f\u00fcr die Inhalte externer Links. F\u00fcr den Inhalt der verlinkten Seiten sind ausschlie\u00dflich deren Betreiber verantwortlich.<\/p>\n<p>Wenn Sie auf diesen Internetseiten Fehler gefunden oder Verbesserungsvorschl\u00e4ge haben, schreiben Sie bitte eine E-Mail an <a href=\"mailto:info@comenius.de\">info@comenius.de<\/a><\/p>\n","protected":false},"excerpt":{"rendered":"<p>\u00a0 Die Seite https\/\/alpika.de\/inklusion-foederschule ist erstellt von der Alpika AG F\u00f6rderp\u00e4dagogik und Inklusion in Schule und Gemeinde. Alpika ist Teil des Comenius-Institutes. Comenius-Institut Evangelische Arbeitsst\u00e4tte f\u00fcr Erziehungswissenschaft e.V. Schreiberstra\u00dfe 12 48149 M\u00fcnster Telefon 02 51 \/ 9 81 01 &#8211; 0 Telefax 02 51 \/ 9 81 01 &#8211; 50 E-Mail info@comenius.de Haftungshinweis: Trotz sorgf\u00e4ltiger [&hellip;]<\/p>\n","protected":false},"author":19,"featured_media":0,"parent":0,"menu_order":0,"comment_status":"closed","ping_status":"closed","template":"","meta":{"footnotes":""},"class_list":["post-354","page","type-page","status-publish","czr-hentry"],"_links":{"self":[{"href":"https:\/\/alpika.de\/inklusion-foerderschule\/wp-json\/wp\/v2\/pages\/354","targetHints":{"allow":["GET"]}}],"collection":[{"href":"https:\/\/alpika.de\/inklusion-foerderschule\/wp-json\/wp\/v2\/pages"}],"about":[{"href":"https:\/\/alpika.de\/inklusion-foerderschule\/wp-json\/wp\/v2\/types\/page"}],"author":[{"embeddable":true,"href":"https:\/\/alpika.de\/inklusion-foerderschule\/wp-json\/wp\/v2\/users\/19"}],"replies":[{"embeddable":true,"href":"https:\/\/alpika.de\/inklusion-foerderschule\/wp-json\/wp\/v2\/comments?post=354"}],"version-history":[{"count":3,"href":"https:\/\/alpika.de\/inklusion-foerderschule\/wp-json\/wp\/v2\/pages\/354\/revisions"}],"predecessor-version":[{"id":361,"href":"https:\/\/alpika.de\/inklusion-foerderschule\/wp-json\/wp\/v2\/pages\/354\/revisions\/361"}],"wp:attachment":[{"href":"https:\/\/alpika.de\/inklusion-foerderschule\/wp-json\/wp\/v2\/media?parent=354"}],"curies":[{"name":"wp","href":"https:\/\/api.w.org\/{rel}","templated":true}]}}

<p><strong> </strong></p>
<p>Die Seite <strong>https//alpika.de/inklusion-foederschule</strong> ist erstellt von der Alpika AG Förderpädagogik und Inklusion in Schule und Gemeinde. Alpika ist Teil des Comenius-Institutes.</p>
<p>Comenius-Institut<br />
Evangelische Arbeitsstätte für Erziehungswissenschaft e.V.<br />
Schreiberstraße 12<br />
48149 Münster<br />
Telefon 02 51 / 9 81 01 &#8211; 0<br />
Telefax 02 51 / 9 81 01 &#8211; 50<br />
E-Mail <a href="mailto:info@comenius.de">info@comenius.de</a></p>
<p>Haftungshinweis:<br />
Trotz sorgfältiger inhaltlicher Kontrolle übernehmen wir keine Haftung für die Inhalte externer Links. Für den Inhalt der verlinkten Seiten sind ausschließlich deren Betreiber verantwortlich.</p>
<p>Wenn Sie auf diesen Internetseiten Fehler gefunden oder Verbesserungsvorschläge haben, schreiben Sie bitte eine E-Mail an <a href="mailto:info@comenius.de">info@comenius.de</a></p>

<p>  Die Seite https//alpika.de/inklusion-foederschule ist erstellt von der Alpika AG Förderpädagogik und Inklusion in Schule und Gemeinde. Alpika ist Teil des Comenius-Institutes. Comenius-Institut Evangelische Arbeitsstätte für Erziehungswissenschaft e.V. Schreiberstraße 12 48149 Münster Telefon 02 51 / 9 81 01 &#8211; 0 Telefax 02 51 / 9 81 01 &#8211; 50 E-Mail info@comenius.de Haftungshinweis: Trotz sorgfältiger [&hellip;]</p>
